{"id":92,"date":"2016-10-16T11:48:38","date_gmt":"2016-10-16T10:48:38","guid":{"rendered":"http:\/\/paroquiadaramada.org\/?page_id=92"},"modified":"2022-11-12T09:28:50","modified_gmt":"2022-11-12T09:28:50","slug":"documentos","status":"publish","type":"page","link":"https:\/\/paroquiadaramada.org\/?page_id=92","title":{"rendered":"Documentos"},"content":{"rendered":"<h2 style=\"text-align: left;\"><a href=\"https:\/\/paroquiadaramada.org\/wp-content\/uploads\/2022\/10\/Plano-Pastoral-Paroquial-2022-2023-Combinado.pdf.pdf\">Plano\u00a0 Pastoral Paroquial 2022-2023<\/a><\/h2>\n<h2 class=\"floatLeft\"><a href=\"http:\/\/paroquiadaramada.org\/wp-content\/uploads\/2016\/12\/papa-francesco_esortazione-ap_20160319_amoris-laetitia_po.pdf\">\u00abA Alegria do Amor\u00bb &#8211; Nova Exorta\u00e7\u00e3o Apost\u00f3lica sobre a Fam\u00edlia (pdf)<\/a><\/h2>\n<h2><a href=\"https:\/\/paroquiadaramada.org\/wp-content\/uploads\/2021\/10\/Plano-e-Calenda%CC%81rio-Pastoral-2021-2022.pdf\">Constitui\u00e7\u00e3o Sinodal de Lisboa<\/a><\/h2>\n<h2 style=\"text-align: left;\"><\/h2>\n\n<div class=\"twitter-share\"><a href=\"https:\/\/twitter.com\/intent\/tweet?via=Paroquia_ramada\" class=\"twitter-share-button\">Tweet<\/a><\/div>\n","protected":false},"excerpt":{"rendered":"<p>Plano\u00a0 Pastoral Paroquial 2022-2023 \u00abA Alegria do Amor\u00bb &#8211; Nova Exorta\u00e7\u00e3o Apost\u00f3lica sobre a Fam\u00edlia (pdf) Constitui\u00e7\u00e3o Sinodal de Lisboa<\/p>\n","protected":false},"author":5,"featured_media":0,"parent":0,"menu_order":0,"comment_status":"closed","ping_status":"closed","template":"","meta":{"_monsterinsights_skip_tracking":false,"_monsterinsights_sitenote_active":false,"_monsterinsights_sitenote_note":"","_monsterinsights_sitenote_category":0},"_links":{"self":[{"href":"https:\/\/paroquiadaramada.org\/index.php?rest_route=\/wp\/v2\/pages\/92"}],"collection":[{"href":"https:\/\/paroquiadaramada.org\/index.php?rest_route=\/wp\/v2\/pages"}],"about":[{"href":"https:\/\/paroquiadaramada.org\/index.php?rest_route=\/wp\/v2\/types\/page"}],"author":[{"embeddable":true,"href":"https:\/\/paroquiadaramada.org\/index.php?rest_route=\/wp\/v2\/users\/5"}],"replies":[{"embeddable":true,"href":"https:\/\/paroquiadaramada.org\/index.php?rest_route=%2Fwp%2Fv2%2Fcomments&post=92"}],"version-history":[{"count":11,"href":"https:\/\/paroquiadaramada.org\/index.php?rest_route=\/wp\/v2\/pages\/92\/revisions"}],"predecessor-version":[{"id":9085,"href":"https:\/\/paroquiadaramada.org\/index.php?rest_route=\/wp\/v2\/pages\/92\/revisions\/9085"}],"wp:attachment":[{"href":"https:\/\/paroquiadaramada.org\/index.php?rest_route=%2Fwp%2Fv2%2Fmedia&parent=92"}],"curies":[{"name":"wp","href":"https:\/\/api.w.org\/{rel}","templated":true}]}}