{"id":309,"date":"2016-10-27T00:40:25","date_gmt":"2016-10-26T23:40:25","guid":{"rendered":"http:\/\/paroquiadaramada.org\/?page_id=309"},"modified":"2024-01-28T16:44:53","modified_gmt":"2024-01-28T16:44:53","slug":"conselhos-paroquiais","status":"publish","type":"page","link":"https:\/\/paroquiadaramada.org\/?page_id=309","title":{"rendered":"Conselhos Paroquiais"},"content":{"rendered":"<p><\/p>\n<p><strong>CPP &#8211; CONSELHO PASTORAL PAROQUIAL<\/strong><\/p>\n<p>Trata-se de um organismo composto pelos respons\u00e1veis dos movimentos paroquiais que, a n\u00edvel da Par\u00f3quia, em uni\u00e3o com o P\u00e1roco e em comunh\u00e3o com a Igreja anima a vida da comunidade crist\u00e3 e coordena, ao seu servi\u00e7o, os dons e carismas dos seus membros, tendo por atribui\u00e7\u00f5es, designadamente, a coordena\u00e7\u00e3o das a\u00e7\u00f5es que foram programadas no \u00e2mbito de pastoral paroquial, dentro e de harmonia com as orienta\u00e7\u00f5es diocesanas.<\/p>\n<p><\/p>\n<p><strong>CE &#8211; CONSELHO ECON\u00d3MICO<\/strong><\/p>\n<p>Tem por fim administrar os bens eclesi\u00e1sticos da Par\u00f3quia da Ramada e fornecer ao p\u00e1roco todos os meios financeiros e patrimoniais, necess\u00e1rios para ele, como pastor pr\u00f3prio, exercer o seu of\u00edcio pastoral em favor da comunidade, segundo os termos do direito.<\/p>\n\n\n<div class=\"wp-container-1 is-horizontal wp-block-buttons\">\n<div class=\"wp-block-button has-custom-font-size is-style-outline has-large-font-size\"><a class=\"wp-block-button__link has-light-green-cyan-to-vivid-green-cyan-gradient-background has-background\" href=\"https:\/\/paroquiadaramada.org\/wp-content\/uploads\/2024\/01\/Contas_2023.pdf\" style=\"border-radius:67px\">Contas<\/a><\/div>\n<\/div>\n\n<div class=\"twitter-share\"><a href=\"https:\/\/twitter.com\/intent\/tweet?via=Paroquia_ramada\" class=\"twitter-share-button\">Tweet<\/a><\/div>\n","protected":false},"excerpt":{"rendered":"<p>CPP &#8211; CONSELHO PASTORAL PAROQUIAL Trata-se de um organismo composto pelos respons\u00e1veis dos movimentos paroquiais que, a n\u00edvel da Par\u00f3quia, em uni\u00e3o com o P\u00e1roco e em comunh\u00e3o com a Igreja anima a vida da comunidade crist\u00e3 e coordena, ao &hellip;<\/p>\n<p class=\"read-more\"> <a class=\"more-link\" href=\"https:\/\/paroquiadaramada.org\/?page_id=309\"> <span class=\"screen-reader-text\">Conselhos Paroquiais<\/span> Read More &raquo;<\/a><\/p>\n","protected":false},"author":5,"featured_media":0,"parent":0,"menu_order":0,"comment_status":"closed","ping_status":"closed","template":"","meta":{"_monsterinsights_skip_tracking":false,"_monsterinsights_sitenote_active":false,"_monsterinsights_sitenote_note":"","_monsterinsights_sitenote_category":0},"_links":{"self":[{"href":"https:\/\/paroquiadaramada.org\/index.php?rest_route=\/wp\/v2\/pages\/309"}],"collection":[{"href":"https:\/\/paroquiadaramada.org\/index.php?rest_route=\/wp\/v2\/pages"}],"about":[{"href":"https:\/\/paroquiadaramada.org\/index.php?rest_route=\/wp\/v2\/types\/page"}],"author":[{"embeddable":true,"href":"https:\/\/paroquiadaramada.org\/index.php?rest_route=\/wp\/v2\/users\/5"}],"replies":[{"embeddable":true,"href":"https:\/\/paroquiadaramada.org\/index.php?rest_route=%2Fwp%2Fv2%2Fcomments&post=309"}],"version-history":[{"count":9,"href":"https:\/\/paroquiadaramada.org\/index.php?rest_route=\/wp\/v2\/pages\/309\/revisions"}],"predecessor-version":[{"id":10688,"href":"https:\/\/paroquiadaramada.org\/index.php?rest_route=\/wp\/v2\/pages\/309\/revisions\/10688"}],"wp:attachment":[{"href":"https:\/\/paroquiadaramada.org\/index.php?rest_route=%2Fwp%2Fv2%2Fmedia&parent=309"}],"curies":[{"name":"wp","href":"https:\/\/api.w.org\/{rel}","templated":true}]}}

<p></p>
<p><strong>CPP &#8211; CONSELHO PASTORAL PAROQUIAL</strong></p>
<p>Trata-se de um organismo composto pelos responsáveis dos movimentos paroquiais que, a nível da Paróquia, em união com o Pároco e em comunhão com a Igreja anima a vida da comunidade cristã e coordena, ao seu serviço, os dons e carismas dos seus membros, tendo por atribuições, designadamente, a coordenação das ações que foram programadas no âmbito de pastoral paroquial, dentro e de harmonia com as orientações diocesanas.</p>
<p></p>
<p><strong>CE &#8211; CONSELHO ECONÓMICO</strong></p>
<p>Tem por fim administrar os bens eclesiásticos da Paróquia da Ramada e fornecer ao pároco todos os meios financeiros e patrimoniais, necessários para ele, como pastor próprio, exercer o seu ofício pastoral em favor da comunidade, segundo os termos do direito.</p>


<div class="wp-container-1 is-horizontal wp-block-buttons">
<div class="wp-block-button has-custom-font-size is-style-outline has-large-font-size"><a class="wp-block-button__link has-light-green-cyan-to-vivid-green-cyan-gradient-background has-background" href="https://paroquiadaramada.org/wp-content/uploads/2024/01/Contas_2023.pdf" style="border-radius:67px">Contas</a></div>
</div>

<div class="twitter-share"><a href="https://twitter.com/intent/tweet?via=Paroquia_ramada" class="twitter-share-button">Tweet</a></div>

<p>CPP &#8211; CONSELHO PASTORAL PAROQUIAL Trata-se de um organismo composto pelos responsáveis dos movimentos paroquiais que, a nível da Paróquia, em união com o Pároco e em comunhão com a Igreja anima a vida da comunidade cristã e coordena, ao &hellip;</p>
<p class="read-more"> <a class="more-link" href="https://paroquiadaramada.org/?page_id=309"> <span class="screen-reader-text">Conselhos Paroquiais</span> Read More &raquo;</a></p>
